be f(-3). Let w(t) = t**2 + 6*t - 5. Calculate w(r).
-10
Let z(o) = -5*o**2 + 11*o. Let d(r) be the third derivative of 7*r**5/30 - 4*r**4/3 - r**3/6 + 4*r**2. Let h(f) = 4*d(f) + 11*z(f). Calculate h(5).
-14
Let v = 6 - 4. Let x(h) = -2*h**2 + h**v + 4 + 5*h + 2*h**2. Suppose -z = 2 + 1. Determine x(z).
-2
Let q(c) = c**2 - 4*c - 3. Suppose -5 = 3*d - 4*d. Let j be q(d). Let b(l) = -4*l + 2*l**2 + 2*l**2 - 4 + l**j - l**3. Calculate b(4).
-4
Let a(r) be the first derivative of r**4/4 + 7*r**3/3 - r**2 - 7*r - 18. Calculate a(-7).
7
Let p(o) = -5*o**2. Let a be p(1). Let y(f) = 8*f**2 - 1. Let z be y(-1). Let n(b) = 2*b + 6. Let t(x) = 6*x + 18. Let h(i) = z*n(i) - 2*t(i). Determine h(a).
-4
Let z(h) = 7*h**2 + 3*h - 15. Let n be (-4*(-5)/2)/(-2). Let y(m) = -4*m**2 - m + 8. Let c(x) = n*y(x) - 3*z(x). Give c(-4).
5
Let s(h) be the first derivative of -h**4 + 2*h**3/3 + h**2 + h + 4. Calculate s(-1).
5
Let t(c) = 10*c - 11. Let j(v) = -5*v + 5. Let h(a) = 13*j(a) + 6*t(a). Let w(p) = -p**3 + 4*p**2 + 4*p + 6. Let i be w(5). What is h(i)?
-6
Let h(m) = m + 2. Suppose x - 2 = -1. Suppose -c - x = 5. Calculate h(c).
-4
Let h(c) be the third derivative of 7/6*c**3 - 1/120*c**6 + 3*c**2 + 0*c + 0 - 1/10*c**5 - 1/8*c**4. Calculate h(-5).
-3
Let z = 5 + -13. Let i = -12 - z. Let p(y) be the second derivative of y**5/20 + y**4/4 - y**3/6 + 5*y**2/2 + 19*y. Determine p(i).
-7
Suppose 4*g + 7 = 4*f + 31, -3*f = 2*g - 7. Suppose -g*t + 8 + 7 = 0. Suppose 4*l + 4*i - 20 = 0, -t*l = 5*i + 6 - 31. Let u(y) = -y - 6. Calculate u(l).
-6
Suppose 0 = 3*w + z - 1 - 6, 2*w + 12 = -4*z. Suppose m - 9 + w = 0. Let k(r) = -r**2 + 5*r. Determine k(m).
0
Let y be (-3)/6*(-3 - -3). Let r(n) = -4*n**2 - 3*n - 5. Let o(z) = -9*z**2 - 7*z - 9. Let c(l) = 3*o(l) - 7*r(l). Determine c(y).
8
Let o be (-8)/12*3/1. Let a(w) = -2*w**2 + 2*w + 2. What is a(o)?
-10
Let t(h) = h**3 - 5*h**2 - 5*h - 7. Suppose 2*l - 16 = -3*w, -4*w + 2*l + 29 = 3. Calculate t(w).
-1
Let s(z) = 1 - z - z + 3*z + 0. Let d be 3*(2/(-1))/(-2). Determine s(d).
4
Let k be 14/(-4) - (-7)/14. Let p(o) = o + 5. Give p(k).
2
Let j(n) be the second derivative of -n**5/20 - 7*n**4/12 - 5*n**3/6 - n**2/2 - 9*n. Give j(-6).
-7
Let h be (-138)/(-33) - (-2)/(-11). Suppose -13 = -4*n - 1, 2*n = -2*o - h. Let x(f) = 0 + 2 + 2*f + 1. What is x(o)?
-7
Let s = -140 - -147. Let g(p) = 2*p - 9. Give g(s).
5
Let f be -4*-2*(-3)/8. Let t(l) = l**3 - l - 1. Let q be 1/(-2) + (-5)/10. Let z(r) = r**3 - 3*r**2 + r. Let x(p) = q*z(p) + 2*t(p). Determine x(f).
7
Let k = 21 + -11. Suppose b + b = k. Let u(d) = d**2 - 5*d + 4. Determine u(b).
4
Let m be (-35)/(-10) - (3 - 0). Let p(n) be the first derivative of 0*n + 1/3*n**3 - m*n**2 + 2. Give p(2).
2
Let i(k) = k + 1. Let f(d) = -6*d - 7. Let h(v) = -2*f(v) - 14*i(v). Give h(-4).
8
Let d(m) = -m**2 - m - 8. Let a be 0/((-28)/(-21)*(-6)/4). Determine d(a).
-8
Let i(h) = 2 + 0 + 0 + h. What is i(3)?
5
Let k(v) = 9*v + 37. Let a(f) = -f + 1. Let l(s) = -4*a(s) + k(s). Suppose 103 - 26 = 7*u. Let y(p) = -7*p - 17. Let z(w) = u*y(w) + 6*l(w). Give z(0).
11
Let l(z) = 2*z - 12. Let a be l(6). Suppose -8*j = -3*j + 15, a = 4*t - 2*j - 6. Let s(o) = o**2 - 4. What is s(t)?
-4
Let d(o) = o**3 - o**2 - o. Let i(t) = 4*t**2 + t + 1. Let f(c) = c**2 + 10*c - 1. Let l be f(-10). Let k(y) = l*d(y) - i(y). Calculate k(-2).
-5
Let t(x) = 3*x + 6. Let d be (-20)/8*16/10. What is t(d)?
-6
Let m(p) = 0 - 4 + 1 + 2*p - 4*p**2. Let j(i) = -9*i**2 + 5*i - 7. Let y(s) = 6*j(s) - 13*m(s). Let d(h) be the first derivative of y(h). Give d(3).
-8
Let w(m) = m**3 + 2*m**2 - 2. Let l be w(-2). Let q be ((-3 - -4)*0)/l. Let n(o) = o**3 + 2 + o + 1 + 2*o**2 - 3*o**2. What is n(q)?
3
Let q(a) = -3*a**2 - 4 + 2*a**2 + 1 - 6*a. Suppose -5*u + 0*t - 12 = t, 5*t = -3*u - 16. What is q(u)?
5
Let i(d) = d**2 + 4*d - 1. Let h(g) = g**2 + g. Let b(l) = 2*h(l) - i(l). Give b(3).
4
Let l be (-24)/(-3)*11/22. Let q(y) be the second derivative of 2*y + 1/2*y**2 + 0*y**3 + 1/12*y**l + 0. What is q(-3)?
10
Let i(c) = c**2 + 4*c. Suppose 0 = 4*b - 5*d - 6, 0*d - 6 = 3*d. Let j(f) = 3*f - 1. Let g be j(b). Give i(g).
0
Let q(o) = o**2 + 3*o - 3. Let n = 11 + -7. Suppose 0 = 3*t - n*b - 0 - 7, 33 = 2*t + 3*b. Let s be t/(-6)*(-16)/(-6). What is q(s)?
1
Let l(j) be the second derivative of -2/3*j**3 - j + 1/4*j**4 + 1/20*j**5 + 0 + 1/2*j**2. Let h be l(-4). Let k(y) = 4*y**3 - y**2 + 2*y - 1. Give k(h).
4
Let t(f) = -7*f**2 + 3*f + 19. Suppose -12 = -0*g - 3*g. Let k(m) = -3*m**2 + 2*m + 9. Let a(x) = g*t(x) - 9*k(x). Suppose 0 = 6*j - j + 20. Give a(j).
3
Let n(o) = 7*o + 10. Let y(f) = f + 1. Let r(j) = -2*n(j) + 18*y(j). Let p(u) = 3*u**2 - 1. Let i be p(-1). What is r(i)?
6
Let t(d) = -2*d**3 - 3*d**2 + 2*d - 2. Let j = 45 + -48. Calculate t(j).
19
Let r(d) = d**3 - 5*d**2 - 5*d. Let c = -5 + 3. Let y = c - -8. Determine r(y).
6
Let t(w) be the third derivative of -6*w**2 - 1/3*w**3 + 0 - 1/120*w**6 + 1/12*w**5 + 0*w - 1/8*w**4. Give t(4).
2
Let a(t) = -t - 4. Let y be -1 - (0 + -12 + 0). Let r = y + -14. Give a(r).
-1
Let m be (1 + 0 - 1)/2. Let u(t) = 7*t**2 - 3*t - 5. Let a(l) = -11*l**2 + 5*l + 8. Let n(w) = -5*a(w) - 8*u(w). Give n(m).
0
Let r(t) = -t**3 - 4*t**2 + t + 1. Let i be (-14)/(-21) + 1/3. Suppose 4*x + 7 = -2*d + i, 4*x - 9 = -5*d. Calculate r(x).
-3
Let d be 4*4/(16/3). Let n(r) = r - d + 0*r - 4. Let j(b) = -2*b**2 + 60*b + 62. Let a be j(31). Calculate n(a).
-7
Let d(m) = -2*m**2 + m**2 - m**2 - 2 + 3. Give d(2).
-7
Let u(m) be the second derivative of 1/12*m**4 + 7*m - 5/6*m**3 + 0 + m**2. Determine u(5).
2
Let g(q) = q**3 + 5*q**2 + 3*q - 2. Let f be g(-4). Suppose f*l = -0*l. Let c be 3 - 3 - (l + 1). Let v(w) = -8*w. Determine v(c).
8
Let j(q) = q**3 + 6*q**2 + 6. Suppose -2*l - 1 = -7. Suppose o = 3*w + 13, 2*o + l = 2*w - o. What is j(w)?
6
Let w(l) = -4*l - 3. Suppose -12 = -7*i + 3*i, 0 = -4*q + 2*i - 18. Calculate w(q).
9
Let r(z) be the third derivative of -z**5/30 - z**3/6 + 2*z**2. Give r(2).
-9
Let h(y) = y**3 + 6*y**2 - 2*y - 9. Let n be (13/26)/((-1)/(-8)). Suppose -3*p + 2*p - 22 = n*k, 0 = 3*p + 2*k + 26. Give h(p).
3
Let m be (-3)/(-6)*(1 - -15). Let i(v) = -v**2 + 10*v - 8. Give i(m).
8
Suppose 2*i - 9 = 7. Suppose -u - i = -3*u. Let r(x) = x**3 + 4*x - 2. Let n(j) = j**2. Let b(g) = 5*n(g) - r(g). What is b(u)?
2
Suppose 3*h = 4 + 5. Let q(m) be the second derivative of -m**5/20 + m**4/3 - m**3/3 + m**2/2 - m. Let b be q(h). Let s(p) = -2*p + 1. Determine s(b).
-7
Let q(z) = 0 + 3 + 127*z - 124*z. What is q(-3)?
-6
Let i(u) = -4*u**3 - 8*u**2 + 2*u - 2. Let k(x) = -x**3 - x**2 + x - 1. Let l(s) = -i(s) + 5*k(s). Suppose -w + 4 = -2*w. Let b be w/(-6)*18/4. Calculate l(b).
6
Let c(n) = n**3 - 4*n**2 - 8*n - 7. Let i(z) = z**3 - 5*z**2 - 9*z - 8. Let k(g) = -7*c(g) + 6*i(g). Let d(s) = -s - 13. Let m be d(-10). What is k(m)?
4
Let n(y) = 3*y**2 + 5 + 0*y - 3 - y**3 + y. Let i = -3 + 6. Calculate n(i).
5
Let a = -9 - -4. Let o(m) be the second derivative of m**5/60 + 5*m**4/24 - m**3/3 - m**2/2 - 3*m. Let c(x) be the first derivative of o(x). Calculate c(a).
-2
Let c(k) = 17 - 8 - 9 - 11*k. Calculate c(1).
-11
Let x(i) = -3*i**2 - 32*i - 29. Let b(q) = -q - 7*q - 10 - 4*q - q**2 + q. Let g(l) = 11*b(l) - 4*x(l). Determine g(-4).
-6
Let h(v) = 2*v - 2*v - 2*v. Suppose 7*s + 665 - 679 = 0. Give h(s).
-4
Let g(y) = -5*y - 1. Suppose -3*h - 1 = -2*q, -3*h - 4*q = -0*h - 11. Let n be g(h). Let x = -4 - n. Let m(z) = -2*z**3 + 2*z**2 + 2*z - 2. Calculate m(x).
-6
Let h(o) be the first derivative of -o**3/3 + 3*o**2 + 11*o + 11. Calculate h(8).
-5
Let d(z) = z**3 - 3*z**2 - 4*z + 1. Let w = 6 - 4. Let v be ((-48)/9)/(w/(-6)). Suppose 6*g - v = 2*g. Calculate d(g).
1
Suppose 3*k = -5*l + 4*l + 16, 4*k = 3*l + 17. Let d(z) = -5 + 2 + l - z + 2*z. Let v(a) = -4*a**2 + a - 1. Let w be v(1). Determine d(w).
-6
Let m(h) = 5 + 4*h + h**2 - h - 5*h. Let l(n) = -n + 2. Let k(a) = 5*l(a) - 2*m(a). Give k(1).
-3
Let v(k) be the first derivative of -k**4/4 + 5*k**3/3 - 5*k**2/2 + 5*k + 3. Suppose 5*n - 2 = 18, -2*l + 12 = n. Determine v(l).
1
Let l(t) be the second derivative of -t**5/20 - t**4/12 - t**2/2 - 13*t. Let j be (0/(0 - 1))/(-2). Let u be j + 0/((-4)/(-2)). Calculate l(u).
-1
Let b be (-12*